r when 1295345 is divided by 185?
160
What is the remainder when 17910902 is divided by 242?
240
What is the remainder when 20478489 is divided by 2925498?
3
Calculate the remainder when 3444143 is divided by 2154.
2051
Calculate the remainder when 581411 is divided by 415.
411
What is the remainder when 81169576 is divided by 1501?
1500
Calculate the remainder when 7190498 is divided by 7413.
7301
Calculate the remainder when 70272485 is divided by 6.
5
What is the remainder when 612311 is divided by 137?
58
What is the remainder when 38939 is divided by 40?
19
What is the remainder when 1139439 is divided by 737?
37
What is the remainder when 6644 is divided by 1319?
49
Calculate the remainder when 1783266 is divided by 19.
2
Calculate the remainder when 198176 is divided by 654.
14
Calculate the remainder when 7313783 is divided by 776.
759
What is the remainder when 283925 is divided by 7885?
65
Calculate the remainder when 24182 is divided by 1613.
1600
Calculate the remainder when 1630552 is divided by 542643.
2623
Calculate the remainder when 1170514 is divided by 27869.
16
Calculate the remainder when 24860 is divided by 12172.
516
What is the remainder when 6724313 is divided by 28?
1
Calculate the remainder when 158965 is divided by 77410.
4145
Calculate the remainder when 112622 is divided by 5919.
161
Calculate the remainder when 295989 is divided by 1304.
1285
What is the remainder when 17291271 is divided by 273?
270
Calculate the remainder when 1257722 is divided by 10481.
2
Calculate the remainder when 1501999 is divided by 4957.
28
Calculate the remainder when 190746261 is divided by 57471.
12
Calculate the remainder when 9398001 is divided by 106.
41
Calculate the remainder when 6816670 is divided by 63.
7
What is the remainder when 945626 is divided by 315204?
14
What is the remainder when 647366 is divided by 638?
434
What is the remainder when 959477 is divided by 8343?
32
What is the remainder when 29969189 is divided by 18?
17
Calculate the remainder when 468491450 is divided by 2692.
2690
What is the remainder when 264701 is divided by 5289?
251
Calculate the remainder when 4604091 is divided by 300.
291
Calculate the remainder when 701895 is divided by 24192.
327
What is the remainder when 78313230 is divided by 47?
44
What is the remainder when 2625543 is divided by 1312766?
11
Calculate the remainder when 1598659 is divided by 10801.
111
Calculate the remainder when 14254517 is divided by 88.
13
What is the remainder when 25406125 is divided by 1486?
1469
Calculate the remainder when 946643 is divided by 682.
27
Calculate the remainder when 598534 is divided by 1956.
1954
What is the remainder when 640006 is divided by 1535?
1446
What is the remainder when 7085 is divided by 2396?
2293
Calculate the remainder when 7293375 is divided by 1363.
1325
What is the remainder when 57696 is divided by 1685?
406
What is the remainder when 243735500 is divided by 47?
33
What is the remainder when 22316 is divided by 21889?
427
Calculate the remainder when 3850605 is divided by 445.
20
What is the remainder when 29163 is divided by 29071?
92
What is the remainder when 13613 is divided by 1889?
390
Calculate the remainder when 213435357 is divided by 684.
681
What is the remainder when 365379067 is divided by 74?
71
What is the remainder when 23182166 is divided by 3311737?
7
Calculate the remainder when 580915 is divided by 193635.
10
What is the remainder when 33912 is divided by 1679?
332
Calculate the remainder when 88544 is divided by 85106.
3438
Calculate the remainder when 3763631 is divided by 415.
411
Calculate the remainder when 1303718 is divided by 14482.
338
What is the remainder when 208773 is divided by 717?
126
What is the remainder when 18673273 is divided by 97?
94
Calculate the remainder when 3280772 is divided by 983.
501
Calculate the remainder when 47509 is divided by 15605.
694
What is the remainder when 3033636 is divided by 101120?
36
Calculate the remainder when 2653932 is divided by 3137.
30
Calculate the remainder when 1729139 is divided by 50.
39
What is the remainder when 67852 is divided by 249?
124
What is the remainder when 43845947 is divided by 1252741?
12
What is the remainder when 2322387 is divided by 18003?
0
Calculate the remainder when 14840625 is divided by 249.
225
Calculate the remainder when 584106 is divided by 584101.
5
What is the remainder when 4465982 is divided by 2259?
2198
What is the remainder when 315130 is divided by 1262?
892
What is the remainder when 10002653 is divided by 1943?
89
What is the remainder when 1293662 is divided by 361?
199
What is the remainder when 8917587 is divided by 366?
363
What is the remainder when 637485 is divided by 436?
53
Calculate the remainder when 1017223 is divided by 1606.
625
What is the remainder when 67843 is divided by 2314?
737
Calculate the remainder when 16564 is divided by 1998.
580
What is the remainder when 6097106 is divided by 791?
78
Calculate the remainder when 106051598 is divided by 165.
158
Calculate the remainder when 303839 is divided by 775.
39
Calculate the remainder when 8075743 is divided by 2018930.
23
Calculate the remainder when 220817 is divided by 990.
47
What is the remainder when 49766546 is divided by 323?
321
What is the remainder when 38587041 is divided by 12?
9
What is the remainder when 503772 is divided by 103?
102
Calculate the remainder when 602542 is divided by 39.
31
Calculate the remainder when 92231996 is divided by 12.
8
Calculate the remainder when 47682 is divided by 3342.
894
What is the remainder when 771494 is divided by 110149?
451
What is the remainder when 16588208 is divided by 2095?
2093
What is the remainder when 27154 is divided by 27090?
64
Calculate the remainder when 7363008 is divided by 541.
539
What is the remainder when 14524 is divided by 263?
59
Calculate the remainder when 854252 is divided by 220.
212
Calculate the remainder when 294035 is divided by 1783.
1623
What is the remainder when 14463 is divided by 536?
527
Calculate the remainder when 1073359 is divided by 2869.
353
Calculate the remainder when 2898940 is divided by 4905.
85
What is the remainder when 149893 is divided by 1484?
9
What is the remainder when 195324 is divided by 1119?
618
What is the remainder when 54049564 is divided by 1985?
1984
What is the remainder when 95707 is divided by 232?
123
Calculate the remainder when 1127115 is divided by 2853.
180
Calculate the remainder when 188126 is divided by 539.
15
Calculate the remainder when 68106 is divided by 2827.
258
Calculate the remainder when 2324 is divided by 1160.
4
Calculate the remainder when 74226 is divided by 16897.
6638
Calculate the remainder when 85514 is divided by 139.
29
Calculate the remainder when 110919 is divided by 55439.
41
What is the remainder when 52015 is divided by 23247?
5521
Calculate the remainder when 3940981 is divided by 985238.
29
What is the remainder when 1545073 is divided by 473?
255
Calculate the remainder when 8826872 is divided by 831.
821
Calculate the remainder when 295757 is divided by 1731.
1487
Calculate the remainder when 93143 is divided by 8427.
446
What is the remainder when 99853941 is divided by 701?
697
What is the remainder when 70511 is divided by 5399?
324
What is the remainder when 880352 is divided by 3237?
3125
Calculate the remainder when 2192019 is divided by 902.
159
What is the remainder when 7933 is divided by 1962?
85
Calculate the remainder when 16634525 is divided by 709.
676
What is the remainder when 2051281 is divided by 46?
3
Calculate the remainder when 1093958 is divided by 7.
5
Calculate the remainder when 834236 is divided by 687.
218
Calculate the remainder when 66886 is divided by 16536.
742
What is the remainder when 4660734 is divided by 7820?
14
Calculate the remainder when 818484 is divided by 199.
196
Calculate the remainder when 5386497 is divided by 206.
9
Calculate the remainder when 818428 is divided by 818355.
73
What is the remainder when 345551 is divided by 345510?
41
Calculate the remainder when 97450 is divided by 45835.
5780
What is the remainder when 10958765 is divided by 2739691?
1
Calculate the remainder when 42145 is divided by 37684.
4461
Calculate th